{"id":30,"date":"2023-07-11T15:16:32","date_gmt":"2023-07-11T15:16:32","guid":{"rendered":"http:\/\/192.168.1.200\/?page_id=30"},"modified":"2026-01-13T17:13:09","modified_gmt":"2026-01-13T16:13:09","slug":"voyage-subtil","status":"publish","type":"page","link":"https:\/\/enfamataya.org\/index.php\/formations\/voyage-subtil\/","title":{"rendered":"Formation au Voyage d&rsquo;Ame"},"content":{"rendered":"\t\t<div data-elementor-type=\"wp-page\" data-elementor-id=\"30\" class=\"elementor elementor-30\" data-elementor-post-type=\"page\">\n\t\t\t\t<div class=\"elementor-element elementor-element-88bed25 e-flex e-con-boxed e-con e-parent\" data-id=\"88bed25\" data-element_type=\"container\">\n\t\t\t\t\t<div class=\"e-con-inner\">\n\t\t\t\t<div class=\"elementor-element elementor-element-77c7129 elementor-widget elementor-widget-spacer\" data-id=\"77c7129\" data-element_type=\"widget\" data-widget_type=\"spacer.default\">\n\t\t\t\t<div class=\"elementor-widget-container\">\n\t\t\t<style>\/*! elementor - v3.23.0 - 05-08-2024 *\/\n.elementor-column .elementor-spacer-inner{height:var(--spacer-size)}.e-con{--container-widget-width:100%}.e-con-inner>.elementor-widget-spacer,.e-con>.elementor-widget-spacer{width:var(--container-widget-width,var(--spacer-size));--align-self:var(--container-widget-align-self,initial);--flex-shrink:0}.e-con-inner>.elementor-widget-spacer>.elementor-widget-container,.e-con>.elementor-widget-spacer>.elementor-widget-container{height:100%;width:100%}.e-con-inner>.elementor-widget-spacer>.elementor-widget-container>.elementor-spacer,.e-con>.elementor-widget-spacer>.elementor-widget-container>.elementor-spacer{height:100%}.e-con-inner>.elementor-widget-spacer>.elementor-widget-container>.elementor-spacer>.elementor-spacer-inner,.e-con>.elementor-widget-spacer>.elementor-widget-container>.elementor-spacer>.elementor-spacer-inner{height:var(--container-widget-height,var(--spacer-size))}.e-con-inner>.elementor-widget-spacer.elementor-widget-empty,.e-con>.elementor-widget-spacer.elementor-widget-empty{position:relative;min-height:22px;min-width:22px}.e-con-inner>.elementor-widget-spacer.elementor-widget-empty .elementor-widget-empty-icon,.e-con>.elementor-widget-spacer.elementor-widget-empty .elementor-widget-empty-icon{position:absolute;top:0;bottom:0;left:0;right:0;margin:auto;padding:0;width:22px;height:22px}<\/style>\t\t<div class=\"elementor-spacer\">\n\t\t\t<div class=\"elementor-spacer-inner\"><\/div>\n\t\t<\/div>\n\t\t\t\t<\/div>\n\t\t\t\t<\/div>\n\t\t\t\t<div class=\"elementor-element elementor-element-20d24c1 elementor-widget elementor-widget-text-editor\" data-id=\"20d24c1\" data-element_type=\"widget\" data-widget_type=\"text-editor.default\">\n\t\t\t\t<div class=\"elementor-widget-container\">\n\t\t\t<style>\/*! elementor - v3.23.0 - 05-08-2024 *\/\n.elementor-widget-text-editor.elementor-drop-cap-view-stacked .elementor-drop-cap{background-color:#69727d;color:#fff}.elementor-widget-text-editor.elementor-drop-cap-view-framed .elementor-drop-cap{color:#69727d;border:3px solid;background-color:transparent}.elementor-widget-text-editor:not(.elementor-drop-cap-view-default) .elementor-drop-cap{margin-top:8px}.elementor-widget-text-editor:not(.elementor-drop-cap-view-default) .elementor-drop-cap-letter{width:1em;height:1em}.elementor-widget-text-editor .elementor-drop-cap{float:left;text-align:center;line-height:1;font-size:50px}.elementor-widget-text-editor .elementor-drop-cap-letter{display:inline-block}<\/style>\t\t\t\t<p>Voyage subtil<\/p>\t\t\t\t\t\t<\/div>\n\t\t\t\t<\/div>\n\t\t\t\t\t<\/div>\n\t\t\t\t<\/div>\n\t\t<div class=\"elementor-element elementor-element-f59a308 e-flex e-con-boxed e-con e-parent\" data-id=\"f59a308\" data-element_type=\"container\">\n\t\t\t\t\t<div class=\"e-con-inner\">\n\t\t\t\t<div class=\"elementor-element elementor-element-75dd9f3 elementor-widget elementor-widget-text-editor\" data-id=\"75dd9f3\" data-element_type=\"widget\" data-widget_type=\"text-editor.default\">\n\t\t\t\t<div class=\"elementor-widget-container\">\n\t\t\t\t\t\t\t<p><em><strong>Important<\/strong> : cette transmission avanc\u00e9e est <strong>r\u00e9serv\u00e9e aux personnes<\/strong> ayant d\u00e9j\u00e0 r\u00e9alis\u00e9 un autre stage de <strong>reiki enfamataya<\/strong> et assimil\u00e9 les bases. Elle ne peut pas \u00eatre suivie comme premier stage.<\/em><\/p>\t\t\t\t\t\t<\/div>\n\t\t\t\t<\/div>\n\t\t\t\t\t<\/div>\n\t\t\t\t<\/div>\n\t\t<div class=\"elementor-element elementor-element-d112f7c e-flex e-con-boxed e-con e-parent\" data-id=\"d112f7c\" data-element_type=\"container\">\n\t\t\t\t\t<div class=\"e-con-inner\">\n\t\t\t\t<div class=\"elementor-element elementor-element-7421fa2 elementor-widget elementor-widget-text-editor\" data-id=\"7421fa2\" data-element_type=\"widget\" data-widget_type=\"text-editor.default\">\n\t\t\t\t<div class=\"elementor-widget-container\">\n\t\t\t\t\t\t\t<p align=\"justify\"><strong>Chacun d&rsquo;entre nous a ses passions<\/strong>, certains sont attir\u00e9s par les\u00a0<strong>exp\u00e9riences hors du corps<\/strong>\u00a0mais\u00a0<strong>que se passe-t-il en fait ?<\/strong><\/p><p align=\"justify\">Nous ne voyageons pas forc\u00e9ment autant que nous le souhaiterions. Nous ne pouvons pas acheter des billets d&rsquo;avion \u00e0 tout va et nous avons des contraintes familiales, professionnelles.<\/p><p align=\"justify\">Et en m\u00eame temps ce qui est int\u00e9ressant \u00e0 constater, c&rsquo;est que quand nous voyageons, l&rsquo;essentiel de notre exp\u00e9rience est subtil : les impressions, les \u00e9motions&#8230;<\/p>\t\t\t\t\t\t<\/div>\n\t\t\t\t<\/div>\n\t\t\t\t\t<\/div>\n\t\t\t\t<\/div>\n\t\t<div class=\"elementor-element elementor-element-3d60bc0 e-flex e-con-boxed e-con e-parent\" data-id=\"3d60bc0\" data-element_type=\"container\">\n\t\t\t\t\t<div class=\"e-con-inner\">\n\t\t\t\t<div class=\"elementor-element elementor-element-4946cb3 elementor-widget elementor-widget-image\" data-id=\"4946cb3\" data-element_type=\"widget\" data-widget_type=\"image.default\">\n\t\t\t\t<div class=\"elementor-widget-container\">\n\t\t\t<style>\/*! elementor - v3.23.0 - 05-08-2024 *\/\n.elementor-widget-image{text-align:center}.elementor-widget-image a{display:inline-block}.elementor-widget-image a img[src$=\".svg\"]{width:48px}.elementor-widget-image img{vertical-align:middle;display:inline-block}<\/style>\t\t\t\t\t\t\t\t\t\t<img fetchpriority=\"high\" decoding=\"async\" width=\"400\" height=\"267\" src=\"https:\/\/enfamataya.org\/wp-content\/uploads\/2024\/07\/impression-voyage-astral.jpg\" class=\"attachment-large size-large wp-image-4310\" alt=\"\" srcset=\"https:\/\/enfamataya.org\/wp-content\/uploads\/2024\/07\/impression-voyage-astral.jpg 400w, https:\/\/enfamataya.org\/wp-content\/uploads\/2024\/07\/impression-voyage-astral-300x200.jpg 300w\" sizes=\"(max-width: 400px) 100vw, 400px\" \/>\t\t\t\t\t\t\t\t\t\t\t\t\t<\/div>\n\t\t\t\t<\/div>\n\t\t\t\t\t<\/div>\n\t\t\t\t<\/div>\n\t\t<div class=\"elementor-element elementor-element-342e8fd e-flex e-con-boxed e-con e-parent\" data-id=\"342e8fd\" data-element_type=\"container\">\n\t\t\t\t\t<div class=\"e-con-inner\">\n\t\t\t\t<div class=\"elementor-element elementor-element-ac5748c elementor-widget elementor-widget-spacer\" data-id=\"ac5748c\" data-element_type=\"widget\" data-widget_type=\"spacer.default\">\n\t\t\t\t<div class=\"elementor-widget-container\">\n\t\t\t\t\t<div class=\"elementor-spacer\">\n\t\t\t<div class=\"elementor-spacer-inner\"><\/div>\n\t\t<\/div>\n\t\t\t\t<\/div>\n\t\t\t\t<\/div>\n\t\t\t\t<div class=\"elementor-element elementor-element-efef986 elementor-widget elementor-widget-text-editor\" data-id=\"efef986\" data-element_type=\"widget\" data-widget_type=\"text-editor.default\">\n\t\t\t\t<div class=\"elementor-widget-container\">\n\t\t\t\t\t\t\t<p>Ce v\u00e9cu est accessible par le voyage subtil qui va nous permettre non seulement de faire la connaissance de lieux accessibles physiquement mais de bien d&rsquo;autres aussi&#8230; C&rsquo;est comme en bord de mer, si vous prenez la peine d&rsquo;apprendre le kayak ou l&rsquo;escalade, vous aurez acc\u00e8s \u00e0 des endroits merveilleux que vous n&rsquo;auriez pas connu autrement !<\/p>\t\t\t\t\t\t<\/div>\n\t\t\t\t<\/div>\n\t\t\t\t\t<\/div>\n\t\t\t\t<\/div>\n\t\t<div class=\"elementor-element elementor-element-c8085f6 e-flex e-con-boxed e-con e-parent\" data-id=\"c8085f6\" data-element_type=\"container\">\n\t\t\t\t\t<div class=\"e-con-inner\">\n\t\t\t\t<div class=\"elementor-element elementor-element-45164ca elementor-widget elementor-widget-spacer\" data-id=\"45164ca\" data-element_type=\"widget\" data-widget_type=\"spacer.default\">\n\t\t\t\t<div class=\"elementor-widget-container\">\n\t\t\t\t\t<div class=\"elementor-spacer\">\n\t\t\t<div class=\"elementor-spacer-inner\"><\/div>\n\t\t<\/div>\n\t\t\t\t<\/div>\n\t\t\t\t<\/div>\n\t\t\t\t\t<\/div>\n\t\t\t\t<\/div>\n\t\t<div class=\"elementor-element elementor-element-29fe923 e-flex e-con-boxed e-con e-parent\" data-id=\"29fe923\" data-element_type=\"container\">\n\t\t\t\t\t<div class=\"e-con-inner\">\n\t\t\t\t<div class=\"elementor-element elementor-element-1ab50b8 elementor-widget elementor-widget-text-editor\" data-id=\"1ab50b8\" data-element_type=\"widget\" data-widget_type=\"text-editor.default\">\n\t\t\t\t<div class=\"elementor-widget-container\">\n\t\t\t\t\t\t\t<h2><span class=\"title\">Je vous propose d&rsquo;apprendre :<\/span><\/h2><p align=\"justify\">Cette formation a pour but qu&rsquo;il vous y soit transmis <strong>les\u00a0potentiels \u00e9nerg\u00e9tiques <\/strong>pour aborder le\u00a0<strong>voyage de vos corps subtils hors de votre corps<\/strong>\u00a0physique (que l&rsquo;on appelle aussi sortie de corps, projection ou voyage d&rsquo;\u00e2me).<\/p>\t\t\t\t\t\t<\/div>\n\t\t\t\t<\/div>\n\t\t\t\t\t<\/div>\n\t\t\t\t<\/div>\n\t\t<div class=\"elementor-element elementor-element-57d30ae e-flex e-con-boxed e-con e-parent\" data-id=\"57d30ae\" data-element_type=\"container\">\n\t\t\t\t\t<div class=\"e-con-inner\">\n\t\t\t\t<div class=\"elementor-element elementor-element-a2326ae elementor-widget elementor-widget-image\" data-id=\"a2326ae\" data-element_type=\"widget\" data-widget_type=\"image.default\">\n\t\t\t\t<div class=\"elementor-widget-container\">\n\t\t\t\t\t\t\t\t\t\t\t\t\t<img decoding=\"async\" width=\"475\" height=\"180\" src=\"https:\/\/enfamataya.org\/wp-content\/uploads\/2024\/07\/stage-voyage-astral.jpg\" class=\"attachment-large size-large wp-image-4311\" alt=\"\" srcset=\"https:\/\/enfamataya.org\/wp-content\/uploads\/2024\/07\/stage-voyage-astral.jpg 475w, https:\/\/enfamataya.org\/wp-content\/uploads\/2024\/07\/stage-voyage-astral-300x114.jpg 300w\" sizes=\"(max-width: 475px) 100vw, 475px\" \/>\t\t\t\t\t\t\t\t\t\t\t\t\t<\/div>\n\t\t\t\t<\/div>\n\t\t\t\t\t<\/div>\n\t\t\t\t<\/div>\n\t\t<div class=\"elementor-element elementor-element-c36b056 e-flex e-con-boxed e-con e-parent\" data-id=\"c36b056\" data-element_type=\"container\">\n\t\t\t\t\t<div class=\"e-con-inner\">\n\t\t\t\t<div class=\"elementor-element elementor-element-206108d elementor-widget elementor-widget-spacer\" data-id=\"206108d\" data-element_type=\"widget\" data-widget_type=\"spacer.default\">\n\t\t\t\t<div class=\"elementor-widget-container\">\n\t\t\t\t\t<div class=\"elementor-spacer\">\n\t\t\t<div class=\"elementor-spacer-inner\"><\/div>\n\t\t<\/div>\n\t\t\t\t<\/div>\n\t\t\t\t<\/div>\n\t\t\t\t<div class=\"elementor-element elementor-element-d8077d7 elementor-widget elementor-widget-text-editor\" data-id=\"d8077d7\" data-element_type=\"widget\" data-widget_type=\"text-editor.default\">\n\t\t\t\t<div class=\"elementor-widget-container\">\n\t\t\t\t\t\t\t<h2 class=\"title\">Voyons ensemble le programme du stage :<\/h2><ul class=\"list\"><li>Possibilit\u00e9 de voyage en dehors de notre corps physique<\/li><li>Diff\u00e9rentes applications \u00e9nerg\u00e9tiques, autorisations, situations le n\u00e9cessitant<\/li><li>Possibilit\u00e9 d&rsquo;acc\u00e8s \u00e0 un Lieu d&rsquo;une Pr\u00e9sence sur Terre ou plus loin<\/li><li>Voyager pour participer \u00e0 une d\u00e9votion en commun avec les Pr\u00e9sences<\/li><li>Voyager pour faire progresser consciemment nos corps dans un lieu id\u00e9al<\/li><li>Voyager en s&rsquo;appuyant sur un mantra (formule sacr\u00e9e reli\u00e9e \u00e0 une Pr\u00e9sence)<\/li><\/ul><p align=\"center\"><strong>Cette transmission est r\u00e9serv\u00e9e aux personnes ayant d\u00e9j\u00e0 suivi une formation avec moi<\/strong><\/p><p>Tarif : 144\u20ac par demi-journ\u00e9e \u00e0 Arles et en distanciel<em>\u00a0<\/em><\/p>\t\t\t\t\t\t<\/div>\n\t\t\t\t<\/div>\n\t\t\t\t\t<\/div>\n\t\t\t\t<\/div>\n\t\t<div class=\"elementor-element elementor-element-ab8a034 e-flex e-con-boxed e-con e-parent\" data-id=\"ab8a034\" data-element_type=\"container\">\n\t\t\t\t\t<div class=\"e-con-inner\">\n\t\t\t\t<div class=\"elementor-element elementor-element-42733fb elementor-widget elementor-widget-spacer\" data-id=\"42733fb\" data-element_type=\"widget\" data-widget_type=\"spacer.default\">\n\t\t\t\t<div class=\"elementor-widget-container\">\n\t\t\t\t\t<div class=\"elementor-spacer\">\n\t\t\t<div class=\"elementor-spacer-inner\"><\/div>\n\t\t<\/div>\n\t\t\t\t<\/div>\n\t\t\t\t<\/div>\n\t\t\t\t<div class=\"elementor-element elementor-element-ac7958c elementor-widget elementor-widget-text-editor\" data-id=\"ac7958c\" data-element_type=\"widget\" data-widget_type=\"text-editor.default\">\n\t\t\t\t<div class=\"elementor-widget-container\">\n\t\t\t\t\t\t\t<blockquote><pre>\"Le voyage est un retour vers l'essentiel.\u201d - Proverbe tib\u00e9tain<\/pre><\/blockquote>\t\t\t\t\t\t<\/div>\n\t\t\t\t<\/div>\n\t\t\t\t<div class=\"elementor-element elementor-element-0675157 elementor-widget elementor-widget-spacer\" data-id=\"0675157\" data-element_type=\"widget\" data-widget_type=\"spacer.default\">\n\t\t\t\t<div class=\"elementor-widget-container\">\n\t\t\t\t\t<div class=\"elementor-spacer\">\n\t\t\t<div class=\"elementor-spacer-inner\"><\/div>\n\t\t<\/div>\n\t\t\t\t<\/div>\n\t\t\t\t<\/div>\n\t\t\t\t\t<\/div>\n\t\t\t\t<\/div>\n\t\t<div class=\"elementor-element elementor-element-c031393 e-flex e-con-boxed e-con e-parent\" data-id=\"c031393\" data-element_type=\"container\">\n\t\t\t\t\t<div class=\"e-con-inner\">\n\t\t\t\t<div class=\"elementor-element elementor-element-b674f3b elementor-widget elementor-widget-image\" data-id=\"b674f3b\" data-element_type=\"widget\" data-widget_type=\"image.default\">\n\t\t\t\t<div class=\"elementor-widget-container\">\n\t\t\t\t\t\t\t\t\t\t\t\t\t<img decoding=\"async\" width=\"450\" height=\"447\" src=\"https:\/\/enfamataya.org\/wp-content\/uploads\/formation-voyage-subtil.jpg\" class=\"attachment-large size-large wp-image-7425\" alt=\"\" srcset=\"https:\/\/enfamataya.org\/wp-content\/uploads\/formation-voyage-subtil.jpg 450w, https:\/\/enfamataya.org\/wp-content\/uploads\/formation-voyage-subtil-300x298.jpg 300w, https:\/\/enfamataya.org\/wp-content\/uploads\/formation-voyage-subtil-150x150.jpg 150w\" sizes=\"(max-width: 450px) 100vw, 450px\" \/>\t\t\t\t\t\t\t\t\t\t\t\t\t<\/div>\n\t\t\t\t<\/div>\n\t\t\t\t\t<\/div>\n\t\t\t\t<\/div>\n\t\t\t\t<\/div>\n\t\t","protected":false},"excerpt":{"rendered":"<p>Voyage subtil Important : cette transmission avanc\u00e9e est r\u00e9serv\u00e9e aux personnes ayant d\u00e9j\u00e0 r\u00e9alis\u00e9 un autre stage de reiki enfamataya et assimil\u00e9 les bases. Elle ne peut pas \u00eatre suivie comme premier stage. Chacun d&rsquo;entre nous a ses passions, certains sont attir\u00e9s par les\u00a0exp\u00e9riences hors du corps\u00a0mais\u00a0que se passe-t-il en fait ? Nous ne voyageons [&hellip;]<\/p>\n","protected":false},"author":2,"featured_media":7425,"parent":12,"menu_order":0,"comment_status":"closed","ping_status":"closed","template":"","meta":{"footnotes":""},"class_list":["post-30","page","type-page","status-publish","has-post-thumbnail","hentry"],"yoast_head":"<!-- This site is optimized with the Yoast SEO plugin v26.6 - https:\/\/yoast.com\/wordpress\/plugins\/seo\/ -->\n<title>Formation au Voyage d&#039;Ame - Enfamataya : Arts corporels, symboliques et \u00e9nerg\u00e9tiques<\/title>\n<meta name=\"robots\" content=\"index, follow, max-snippet:-1, max-image-preview:large, max-video-preview:-1\" \/>\n<link rel=\"canonical\" href=\"https:\/\/enfamataya.org\/index.php\/formations\/voyage-subtil\/\" \/>\n<meta property=\"og:locale\" content=\"fr_FR\" \/>\n<meta property=\"og:type\" content=\"article\" \/>\n<meta property=\"og:title\" content=\"Formation au Voyage d&#039;Ame - Enfamataya : Arts corporels, symboliques et \u00e9nerg\u00e9tiques\" \/>\n<meta property=\"og:description\" content=\"Voyage subtil Important : cette transmission avanc\u00e9e est r\u00e9serv\u00e9e aux personnes ayant d\u00e9j\u00e0 r\u00e9alis\u00e9 un autre stage de reiki enfamataya et assimil\u00e9 les bases. Elle ne peut pas \u00eatre suivie comme premier stage. Chacun d&rsquo;entre nous a ses passions, certains sont attir\u00e9s par les\u00a0exp\u00e9riences hors du corps\u00a0mais\u00a0que se passe-t-il en fait ? Nous ne voyageons [&hellip;]\" \/>\n<meta property=\"og:url\" content=\"https:\/\/enfamataya.org\/index.php\/formations\/voyage-subtil\/\" \/>\n<meta property=\"og:site_name\" content=\"Enfamataya : Arts corporels, symboliques et \u00e9nerg\u00e9tiques\" \/>\n<meta property=\"article:publisher\" content=\"https:\/\/facebook.com\/Enfamataya-249667421858356\" \/>\n<meta property=\"article:modified_time\" content=\"2026-01-13T16:13:09+00:00\" \/>\n<meta property=\"og:image\" content=\"https:\/\/enfamataya.org\/wp-content\/uploads\/formation-voyage-subtil.jpg\" \/>\n\t<meta property=\"og:image:width\" content=\"450\" \/>\n\t<meta property=\"og:image:height\" content=\"447\" \/>\n\t<meta property=\"og:image:type\" content=\"image\/jpeg\" \/>\n<meta name=\"twitter:card\" content=\"summary_large_image\" \/>\n<meta name=\"twitter:label1\" content=\"Dur\u00e9e de lecture estim\u00e9e\" \/>\n\t<meta name=\"twitter:data1\" content=\"3 minutes\" \/>\n<script type=\"application\/ld+json\" class=\"yoast-schema-graph\">{\"@context\":\"https:\/\/schema.org\",\"@graph\":[{\"@type\":\"WebPage\",\"@id\":\"https:\/\/enfamataya.org\/index.php\/formations\/voyage-subtil\/\",\"url\":\"https:\/\/enfamataya.org\/index.php\/formations\/voyage-subtil\/\",\"name\":\"Formation au Voyage d'Ame - Enfamataya : Arts corporels, symboliques et \u00e9nerg\u00e9tiques\",\"isPartOf\":{\"@id\":\"https:\/\/enfamataya.org\/#website\"},\"primaryImageOfPage\":{\"@id\":\"https:\/\/enfamataya.org\/index.php\/formations\/voyage-subtil\/#primaryimage\"},\"image\":{\"@id\":\"https:\/\/enfamataya.org\/index.php\/formations\/voyage-subtil\/#primaryimage\"},\"thumbnailUrl\":\"https:\/\/enfamataya.org\/wp-content\/uploads\/formation-voyage-subtil.jpg\",\"datePublished\":\"2023-07-11T15:16:32+00:00\",\"dateModified\":\"2026-01-13T16:13:09+00:00\",\"breadcrumb\":{\"@id\":\"https:\/\/enfamataya.org\/index.php\/formations\/voyage-subtil\/#breadcrumb\"},\"inLanguage\":\"fr-FR\",\"potentialAction\":[{\"@type\":\"ReadAction\",\"target\":[\"https:\/\/enfamataya.org\/index.php\/formations\/voyage-subtil\/\"]}]},{\"@type\":\"ImageObject\",\"inLanguage\":\"fr-FR\",\"@id\":\"https:\/\/enfamataya.org\/index.php\/formations\/voyage-subtil\/#primaryimage\",\"url\":\"https:\/\/enfamataya.org\/wp-content\/uploads\/formation-voyage-subtil.jpg\",\"contentUrl\":\"https:\/\/enfamataya.org\/wp-content\/uploads\/formation-voyage-subtil.jpg\",\"width\":450,\"height\":447},{\"@type\":\"BreadcrumbList\",\"@id\":\"https:\/\/enfamataya.org\/index.php\/formations\/voyage-subtil\/#breadcrumb\",\"itemListElement\":[{\"@type\":\"ListItem\",\"position\":1,\"name\":\"Accueil\",\"item\":\"https:\/\/enfamataya.org\/\"},{\"@type\":\"ListItem\",\"position\":2,\"name\":\"Formations\",\"item\":\"https:\/\/enfamataya.org\/index.php\/formations\/\"},{\"@type\":\"ListItem\",\"position\":3,\"name\":\"Formation au Voyage d&rsquo;Ame\"}]},{\"@type\":\"WebSite\",\"@id\":\"https:\/\/enfamataya.org\/#website\",\"url\":\"https:\/\/enfamataya.org\/\",\"name\":\"Enfamataya : Arts corporels, symboliques et \u00e9nerg\u00e9tiques\",\"description\":\"Des formations, de l&#039;accompagnement, des astres et du sens\",\"publisher\":{\"@id\":\"https:\/\/enfamataya.org\/#organization\"},\"potentialAction\":[{\"@type\":\"SearchAction\",\"target\":{\"@type\":\"EntryPoint\",\"urlTemplate\":\"https:\/\/enfamataya.org\/?s={search_term_string}\"},\"query-input\":{\"@type\":\"PropertyValueSpecification\",\"valueRequired\":true,\"valueName\":\"search_term_string\"}}],\"inLanguage\":\"fr-FR\"},{\"@type\":\"Organization\",\"@id\":\"https:\/\/enfamataya.org\/#organization\",\"name\":\"Enfamataya\",\"url\":\"https:\/\/enfamataya.org\/\",\"logo\":{\"@type\":\"ImageObject\",\"inLanguage\":\"fr-FR\",\"@id\":\"https:\/\/enfamataya.org\/#\/schema\/logo\/image\/\",\"url\":\"https:\/\/enfamataya.org\/wp-content\/uploads\/2023\/07\/Logo-TYPOGRAPHIQUE-enfamataya.png\",\"contentUrl\":\"https:\/\/enfamataya.org\/wp-content\/uploads\/2023\/07\/Logo-TYPOGRAPHIQUE-enfamataya.png\",\"width\":1596,\"height\":272,\"caption\":\"Enfamataya\"},\"image\":{\"@id\":\"https:\/\/enfamataya.org\/#\/schema\/logo\/image\/\"},\"sameAs\":[\"https:\/\/facebook.com\/Enfamataya-249667421858356\",\"https:\/\/www.instagram.com\/enfamataya_insta\/\",\"https:\/\/www.youtube.com\/@enfamataya\",\"https:\/\/www.tiktok.com\/@enfamataya\"]}]}<\/script>\n<!-- \/ Yoast SEO plugin. -->","yoast_head_json":{"title":"Formation au Voyage d'Ame - Enfamataya : Arts corporels, symboliques et \u00e9nerg\u00e9tiques","robots":{"index":"index","follow":"follow","max-snippet":"max-snippet:-1","max-image-preview":"max-image-preview:large","max-video-preview":"max-video-preview:-1"},"canonical":"https:\/\/enfamataya.org\/index.php\/formations\/voyage-subtil\/","og_locale":"fr_FR","og_type":"article","og_title":"Formation au Voyage d'Ame - Enfamataya : Arts corporels, symboliques et \u00e9nerg\u00e9tiques","og_description":"Voyage subtil Important : cette transmission avanc\u00e9e est r\u00e9serv\u00e9e aux personnes ayant d\u00e9j\u00e0 r\u00e9alis\u00e9 un autre stage de reiki enfamataya et assimil\u00e9 les bases. Elle ne peut pas \u00eatre suivie comme premier stage. Chacun d&rsquo;entre nous a ses passions, certains sont attir\u00e9s par les\u00a0exp\u00e9riences hors du corps\u00a0mais\u00a0que se passe-t-il en fait ? Nous ne voyageons [&hellip;]","og_url":"https:\/\/enfamataya.org\/index.php\/formations\/voyage-subtil\/","og_site_name":"Enfamataya : Arts corporels, symboliques et \u00e9nerg\u00e9tiques","article_publisher":"https:\/\/facebook.com\/Enfamataya-249667421858356","article_modified_time":"2026-01-13T16:13:09+00:00","og_image":[{"width":450,"height":447,"url":"https:\/\/enfamataya.org\/wp-content\/uploads\/formation-voyage-subtil.jpg","type":"image\/jpeg"}],"twitter_card":"summary_large_image","twitter_misc":{"Dur\u00e9e de lecture estim\u00e9e":"3 minutes"},"schema":{"@context":"https:\/\/schema.org","@graph":[{"@type":"WebPage","@id":"https:\/\/enfamataya.org\/index.php\/formations\/voyage-subtil\/","url":"https:\/\/enfamataya.org\/index.php\/formations\/voyage-subtil\/","name":"Formation au Voyage d'Ame - Enfamataya : Arts corporels, symboliques et \u00e9nerg\u00e9tiques","isPartOf":{"@id":"https:\/\/enfamataya.org\/#website"},"primaryImageOfPage":{"@id":"https:\/\/enfamataya.org\/index.php\/formations\/voyage-subtil\/#primaryimage"},"image":{"@id":"https:\/\/enfamataya.org\/index.php\/formations\/voyage-subtil\/#primaryimage"},"thumbnailUrl":"https:\/\/enfamataya.org\/wp-content\/uploads\/formation-voyage-subtil.jpg","datePublished":"2023-07-11T15:16:32+00:00","dateModified":"2026-01-13T16:13:09+00:00","breadcrumb":{"@id":"https:\/\/enfamataya.org\/index.php\/formations\/voyage-subtil\/#breadcrumb"},"inLanguage":"fr-FR","potentialAction":[{"@type":"ReadAction","target":["https:\/\/enfamataya.org\/index.php\/formations\/voyage-subtil\/"]}]},{"@type":"ImageObject","inLanguage":"fr-FR","@id":"https:\/\/enfamataya.org\/index.php\/formations\/voyage-subtil\/#primaryimage","url":"https:\/\/enfamataya.org\/wp-content\/uploads\/formation-voyage-subtil.jpg","contentUrl":"https:\/\/enfamataya.org\/wp-content\/uploads\/formation-voyage-subtil.jpg","width":450,"height":447},{"@type":"BreadcrumbList","@id":"https:\/\/enfamataya.org\/index.php\/formations\/voyage-subtil\/#breadcrumb","itemListElement":[{"@type":"ListItem","position":1,"name":"Accueil","item":"https:\/\/enfamataya.org\/"},{"@type":"ListItem","position":2,"name":"Formations","item":"https:\/\/enfamataya.org\/index.php\/formations\/"},{"@type":"ListItem","position":3,"name":"Formation au Voyage d&rsquo;Ame"}]},{"@type":"WebSite","@id":"https:\/\/enfamataya.org\/#website","url":"https:\/\/enfamataya.org\/","name":"Enfamataya : Arts corporels, symboliques et \u00e9nerg\u00e9tiques","description":"Des formations, de l&#039;accompagnement, des astres et du sens","publisher":{"@id":"https:\/\/enfamataya.org\/#organization"},"potentialAction":[{"@type":"SearchAction","target":{"@type":"EntryPoint","urlTemplate":"https:\/\/enfamataya.org\/?s={search_term_string}"},"query-input":{"@type":"PropertyValueSpecification","valueRequired":true,"valueName":"search_term_string"}}],"inLanguage":"fr-FR"},{"@type":"Organization","@id":"https:\/\/enfamataya.org\/#organization","name":"Enfamataya","url":"https:\/\/enfamataya.org\/","logo":{"@type":"ImageObject","inLanguage":"fr-FR","@id":"https:\/\/enfamataya.org\/#\/schema\/logo\/image\/","url":"https:\/\/enfamataya.org\/wp-content\/uploads\/2023\/07\/Logo-TYPOGRAPHIQUE-enfamataya.png","contentUrl":"https:\/\/enfamataya.org\/wp-content\/uploads\/2023\/07\/Logo-TYPOGRAPHIQUE-enfamataya.png","width":1596,"height":272,"caption":"Enfamataya"},"image":{"@id":"https:\/\/enfamataya.org\/#\/schema\/logo\/image\/"},"sameAs":["https:\/\/facebook.com\/Enfamataya-249667421858356","https:\/\/www.instagram.com\/enfamataya_insta\/","https:\/\/www.youtube.com\/@enfamataya","https:\/\/www.tiktok.com\/@enfamataya"]}]}},"_links":{"self":[{"href":"https:\/\/enfamataya.org\/index.php\/wp-json\/wp\/v2\/pages\/30","targetHints":{"allow":["GET"]}}],"collection":[{"href":"https:\/\/enfamataya.org\/index.php\/wp-json\/wp\/v2\/pages"}],"about":[{"href":"https:\/\/enfamataya.org\/index.php\/wp-json\/wp\/v2\/types\/page"}],"author":[{"embeddable":true,"href":"https:\/\/enfamataya.org\/index.php\/wp-json\/wp\/v2\/users\/2"}],"replies":[{"embeddable":true,"href":"https:\/\/enfamataya.org\/index.php\/wp-json\/wp\/v2\/comments?post=30"}],"version-history":[{"count":36,"href":"https:\/\/enfamataya.org\/index.php\/wp-json\/wp\/v2\/pages\/30\/revisions"}],"predecessor-version":[{"id":7956,"href":"https:\/\/enfamataya.org\/index.php\/wp-json\/wp\/v2\/pages\/30\/revisions\/7956"}],"up":[{"embeddable":true,"href":"https:\/\/enfamataya.org\/index.php\/wp-json\/wp\/v2\/pages\/12"}],"wp:featuredmedia":[{"embeddable":true,"href":"https:\/\/enfamataya.org\/index.php\/wp-json\/wp\/v2\/media\/7425"}],"wp:attachment":[{"href":"https:\/\/enfamataya.org\/index.php\/wp-json\/wp\/v2\/media?parent=30"}],"curies":[{"name":"wp","href":"https:\/\/api.w.org\/{rel}","templated":true}]}}