{"id":4651,"date":"2024-08-19T10:14:46","date_gmt":"2024-08-19T10:14:46","guid":{"rendered":"https:\/\/enfamataya.org\/?page_id=4651"},"modified":"2024-08-19T10:17:34","modified_gmt":"2024-08-19T10:17:34","slug":"pourquoi-ce-blog","status":"publish","type":"page","link":"https:\/\/enfamataya.org\/index.php\/pourquoi-ce-blog\/","title":{"rendered":"Pourquoi ce blog"},"content":{"rendered":"\t\t<div data-elementor-type=\"wp-page\" data-elementor-id=\"4651\" class=\"elementor elementor-4651\" data-elementor-post-type=\"page\">\n\t\t\t\t<div class=\"elementor-element elementor-element-ae30ae3 e-flex e-con-boxed e-con e-parent\" data-id=\"ae30ae3\" data-element_type=\"container\">\n\t\t\t\t\t<div class=\"e-con-inner\">\n\t\t\t\t<div class=\"elementor-element elementor-element-8b0ca10 elementor-widget elementor-widget-text-editor\" data-id=\"8b0ca10\" data-element_type=\"widget\" data-widget_type=\"text-editor.default\">\n\t\t\t\t<div class=\"elementor-widget-container\">\n\t\t\t<style>\/*! elementor - v3.23.0 - 05-08-2024 *\/\n.elementor-widget-text-editor.elementor-drop-cap-view-stacked .elementor-drop-cap{background-color:#69727d;color:#fff}.elementor-widget-text-editor.elementor-drop-cap-view-framed .elementor-drop-cap{color:#69727d;border:3px solid;background-color:transparent}.elementor-widget-text-editor:not(.elementor-drop-cap-view-default) .elementor-drop-cap{margin-top:8px}.elementor-widget-text-editor:not(.elementor-drop-cap-view-default) .elementor-drop-cap-letter{width:1em;height:1em}.elementor-widget-text-editor .elementor-drop-cap{float:left;text-align:center;line-height:1;font-size:50px}.elementor-widget-text-editor .elementor-drop-cap-letter{display:inline-block}<\/style>\t\t\t\t<h2><strong>Pourquoi ce blog ? Quelques explications&#8230;<\/strong><\/h2><h2><strong>\u00a0<\/strong><\/h2>\t\t\t\t\t\t<\/div>\n\t\t\t\t<\/div>\n\t\t\t\t\t<\/div>\n\t\t\t\t<\/div>\n\t\t<div class=\"elementor-element elementor-element-8d471db e-flex e-con-boxed e-con e-parent\" data-id=\"8d471db\" data-element_type=\"container\">\n\t\t\t\t\t<div class=\"e-con-inner\">\n\t\t\t\t<div class=\"elementor-element elementor-element-db59cb2 elementor-widget elementor-widget-text-editor\" data-id=\"db59cb2\" data-element_type=\"widget\" data-widget_type=\"text-editor.default\">\n\t\t\t\t<div class=\"elementor-widget-container\">\n\t\t\t\t\t\t\t<h5><strong>Une d\u00e9marche artistique<\/strong><\/h5><p>La compr\u00e9hension de l&rsquo;<strong>aventure humaine<\/strong> a besoin, dans ma vision des choses, de l&rsquo;<strong>art<\/strong>. J&rsquo;aime \u00e0 penser que le contact \u00e0 un<strong> inconscient collectif<\/strong> riche permet la stimulation de l&rsquo;intuition et l&rsquo;encouragement \u00e0 l&rsquo;autonomie dans notre <strong>compr\u00e9hension<\/strong> de nous-m\u00eame et des autres.<\/p>\t\t\t\t\t\t<\/div>\n\t\t\t\t<\/div>\n\t\t\t\t\t<\/div>\n\t\t\t\t<\/div>\n\t\t<div class=\"elementor-element elementor-element-effa5b4 e-flex e-con-boxed e-con e-parent\" data-id=\"effa5b4\" data-element_type=\"container\">\n\t\t\t\t\t<div class=\"e-con-inner\">\n\t\t\t\t<div class=\"elementor-element elementor-element-da7b867 elementor-widget elementor-widget-text-editor\" data-id=\"da7b867\" data-element_type=\"widget\" data-widget_type=\"text-editor.default\">\n\t\t\t\t<div class=\"elementor-widget-container\">\n\t\t\t\t\t\t\t<h5><strong>Un objectif de recherche<\/strong><\/h5><p><strong>La flemme nous coupe des autres !<\/strong> En rem\u00e8de \u00e0 la paresse intellectuelle qui nous maintient dans nos certitudes confortables, je me suis lanc\u00e9 dans l&rsquo;important travail de recherche dont ce blog est le fruit. Jour apr\u00e8s jour, pour l&rsquo;\u00e9dition de ces portraits, je m&rsquo;astreins \u00e0 aller de surprises en surprises, entre <strong>travail de construction d&rsquo;une repr\u00e9sentation du ciel \u00e0 la naissance<\/strong> de personnes qui m&rsquo;inspirent, <strong>\u00e9closion d&rsquo;une oeuvre picturale<\/strong> transmettant ces pistes au lecteur, et un <strong>travail d&rsquo;\u00e9criture<\/strong> comme une course aux mots qui apportent&#8230;<\/p>\t\t\t\t\t\t<\/div>\n\t\t\t\t<\/div>\n\t\t\t\t\t<\/div>\n\t\t\t\t<\/div>\n\t\t<div class=\"elementor-element elementor-element-6e4a2e6 e-flex e-con-boxed e-con e-parent\" data-id=\"6e4a2e6\" data-element_type=\"container\">\n\t\t\t\t\t<div class=\"e-con-inner\">\n\t\t\t\t<div class=\"elementor-element elementor-element-7f20b47 elementor-widget elementor-widget-text-editor\" data-id=\"7f20b47\" data-element_type=\"widget\" data-widget_type=\"text-editor.default\">\n\t\t\t\t<div class=\"elementor-widget-container\">\n\t\t\t\t\t\t\t<h5><strong>La valorisation en ligne de mire<\/strong><\/h5><p>L&rsquo;inspiration par l&rsquo;autre est un enjeu de soci\u00e9t\u00e9. Nous avons par le pass\u00e9 beaucoup id\u00e9alis\u00e9. Et surtout certains profils. Ce blog se veut un lieu de parit\u00e9 et de diversit\u00e9 parce que nous sommes fait de cela. Pour pouvoir retrouver le <strong>plaisir simple et stimulant d&rsquo;admirer sans id\u00e9aliser<\/strong>.<\/p>\t\t\t\t\t\t<\/div>\n\t\t\t\t<\/div>\n\t\t\t\t\t<\/div>\n\t\t\t\t<\/div>\n\t\t<div class=\"elementor-element elementor-element-4c87f6c e-flex e-con-boxed e-con e-parent\" data-id=\"4c87f6c\" data-element_type=\"container\">\n\t\t\t\t\t<div class=\"e-con-inner\">\n\t\t\t\t<div class=\"elementor-element elementor-element-9a14823 elementor-widget elementor-widget-text-editor\" data-id=\"9a14823\" data-element_type=\"widget\" data-widget_type=\"text-editor.default\">\n\t\t\t\t<div class=\"elementor-widget-container\">\n\t\t\t\t\t\t\t<p><em>Form\u00e9 \u00e0 l\u2019\u00c9cole des Beaux Arts de Marseille, passionn\u00e9 de philosophie, de sociologie et d&rsquo;humanisme, <\/em><a href=\"https:\/\/enfamataya.org\/index.php\/contact\/\"><strong><em>Benoit Patingre<\/em><\/strong><\/a><em> est \u00e0 l&rsquo;origine de cette initiative.<\/em><\/p>\t\t\t\t\t\t<\/div>\n\t\t\t\t<\/div>\n\t\t\t\t\t<\/div>\n\t\t\t\t<\/div>\n\t\t\t\t<\/div>\n\t\t","protected":false},"excerpt":{"rendered":"<p>Pourquoi ce blog ? Quelques explications&#8230; \u00a0 Une d\u00e9marche artistique La compr\u00e9hension de l&rsquo;aventure humaine a besoin, dans ma vision des choses, de l&rsquo;art. J&rsquo;aime \u00e0 penser que le contact \u00e0 un inconscient collectif riche permet la stimulation de l&rsquo;intuition et l&rsquo;encouragement \u00e0 l&rsquo;autonomie dans notre compr\u00e9hension de nous-m\u00eame et des autres. Un objectif de [&hellip;]<\/p>\n","protected":false},"author":2,"featured_media":0,"parent":0,"menu_order":0,"comment_status":"closed","ping_status":"closed","template":"","meta":{"footnotes":""},"class_list":["post-4651","page","type-page","status-publish","hentry"],"yoast_head":"<!-- This site is optimized with the Yoast SEO plugin v26.6 - https:\/\/yoast.com\/wordpress\/plugins\/seo\/ -->\n<title>Pourquoi ce blog - Enfamataya : Arts corporels, symboliques et \u00e9nerg\u00e9tiques<\/title>\n<meta name=\"robots\" content=\"index, follow, max-snippet:-1, max-image-preview:large, max-video-preview:-1\" \/>\n<link rel=\"canonical\" href=\"https:\/\/enfamataya.org\/index.php\/pourquoi-ce-blog\/\" \/>\n<meta property=\"og:locale\" content=\"fr_FR\" \/>\n<meta property=\"og:type\" content=\"article\" \/>\n<meta property=\"og:title\" content=\"Pourquoi ce blog - Enfamataya : Arts corporels, symboliques et \u00e9nerg\u00e9tiques\" \/>\n<meta property=\"og:description\" content=\"Pourquoi ce blog ? Quelques explications&#8230; \u00a0 Une d\u00e9marche artistique La compr\u00e9hension de l&rsquo;aventure humaine a besoin, dans ma vision des choses, de l&rsquo;art. J&rsquo;aime \u00e0 penser que le contact \u00e0 un inconscient collectif riche permet la stimulation de l&rsquo;intuition et l&rsquo;encouragement \u00e0 l&rsquo;autonomie dans notre compr\u00e9hension de nous-m\u00eame et des autres. Un objectif de [&hellip;]\" \/>\n<meta property=\"og:url\" content=\"https:\/\/enfamataya.org\/index.php\/pourquoi-ce-blog\/\" \/>\n<meta property=\"og:site_name\" content=\"Enfamataya : Arts corporels, symboliques et \u00e9nerg\u00e9tiques\" \/>\n<meta property=\"article:publisher\" content=\"https:\/\/facebook.com\/Enfamataya-249667421858356\" \/>\n<meta property=\"article:modified_time\" content=\"2024-08-19T10:17:34+00:00\" \/>\n<meta name=\"twitter:card\" content=\"summary_large_image\" \/>\n<meta name=\"twitter:label1\" content=\"Dur\u00e9e de lecture estim\u00e9e\" \/>\n\t<meta name=\"twitter:data1\" content=\"1 minute\" \/>\n<script type=\"application\/ld+json\" class=\"yoast-schema-graph\">{\"@context\":\"https:\/\/schema.org\",\"@graph\":[{\"@type\":\"WebPage\",\"@id\":\"https:\/\/enfamataya.org\/index.php\/pourquoi-ce-blog\/\",\"url\":\"https:\/\/enfamataya.org\/index.php\/pourquoi-ce-blog\/\",\"name\":\"Pourquoi ce blog - Enfamataya : Arts corporels, symboliques et \u00e9nerg\u00e9tiques\",\"isPartOf\":{\"@id\":\"https:\/\/enfamataya.org\/#website\"},\"datePublished\":\"2024-08-19T10:14:46+00:00\",\"dateModified\":\"2024-08-19T10:17:34+00:00\",\"breadcrumb\":{\"@id\":\"https:\/\/enfamataya.org\/index.php\/pourquoi-ce-blog\/#breadcrumb\"},\"inLanguage\":\"fr-FR\",\"potentialAction\":[{\"@type\":\"ReadAction\",\"target\":[\"https:\/\/enfamataya.org\/index.php\/pourquoi-ce-blog\/\"]}]},{\"@type\":\"BreadcrumbList\",\"@id\":\"https:\/\/enfamataya.org\/index.php\/pourquoi-ce-blog\/#breadcrumb\",\"itemListElement\":[{\"@type\":\"ListItem\",\"position\":1,\"name\":\"Accueil\",\"item\":\"https:\/\/enfamataya.org\/\"},{\"@type\":\"ListItem\",\"position\":2,\"name\":\"Pourquoi ce blog\"}]},{\"@type\":\"WebSite\",\"@id\":\"https:\/\/enfamataya.org\/#website\",\"url\":\"https:\/\/enfamataya.org\/\",\"name\":\"Enfamataya : Arts corporels, symboliques et \u00e9nerg\u00e9tiques\",\"description\":\"Des formations, de l&#039;accompagnement, des astres et du sens\",\"publisher\":{\"@id\":\"https:\/\/enfamataya.org\/#organization\"},\"potentialAction\":[{\"@type\":\"SearchAction\",\"target\":{\"@type\":\"EntryPoint\",\"urlTemplate\":\"https:\/\/enfamataya.org\/?s={search_term_string}\"},\"query-input\":{\"@type\":\"PropertyValueSpecification\",\"valueRequired\":true,\"valueName\":\"search_term_string\"}}],\"inLanguage\":\"fr-FR\"},{\"@type\":\"Organization\",\"@id\":\"https:\/\/enfamataya.org\/#organization\",\"name\":\"Enfamataya\",\"url\":\"https:\/\/enfamataya.org\/\",\"logo\":{\"@type\":\"ImageObject\",\"inLanguage\":\"fr-FR\",\"@id\":\"https:\/\/enfamataya.org\/#\/schema\/logo\/image\/\",\"url\":\"https:\/\/enfamataya.org\/wp-content\/uploads\/2023\/07\/Logo-TYPOGRAPHIQUE-enfamataya.png\",\"contentUrl\":\"https:\/\/enfamataya.org\/wp-content\/uploads\/2023\/07\/Logo-TYPOGRAPHIQUE-enfamataya.png\",\"width\":1596,\"height\":272,\"caption\":\"Enfamataya\"},\"image\":{\"@id\":\"https:\/\/enfamataya.org\/#\/schema\/logo\/image\/\"},\"sameAs\":[\"https:\/\/facebook.com\/Enfamataya-249667421858356\",\"https:\/\/www.instagram.com\/enfamataya_insta\/\",\"https:\/\/www.youtube.com\/@enfamataya\",\"https:\/\/www.tiktok.com\/@enfamataya\"]}]}<\/script>\n<!-- \/ Yoast SEO plugin. -->","yoast_head_json":{"title":"Pourquoi ce blog - Enfamataya : Arts corporels, symboliques et \u00e9nerg\u00e9tiques","robots":{"index":"index","follow":"follow","max-snippet":"max-snippet:-1","max-image-preview":"max-image-preview:large","max-video-preview":"max-video-preview:-1"},"canonical":"https:\/\/enfamataya.org\/index.php\/pourquoi-ce-blog\/","og_locale":"fr_FR","og_type":"article","og_title":"Pourquoi ce blog - Enfamataya : Arts corporels, symboliques et \u00e9nerg\u00e9tiques","og_description":"Pourquoi ce blog ? Quelques explications&#8230; \u00a0 Une d\u00e9marche artistique La compr\u00e9hension de l&rsquo;aventure humaine a besoin, dans ma vision des choses, de l&rsquo;art. J&rsquo;aime \u00e0 penser que le contact \u00e0 un inconscient collectif riche permet la stimulation de l&rsquo;intuition et l&rsquo;encouragement \u00e0 l&rsquo;autonomie dans notre compr\u00e9hension de nous-m\u00eame et des autres. Un objectif de [&hellip;]","og_url":"https:\/\/enfamataya.org\/index.php\/pourquoi-ce-blog\/","og_site_name":"Enfamataya : Arts corporels, symboliques et \u00e9nerg\u00e9tiques","article_publisher":"https:\/\/facebook.com\/Enfamataya-249667421858356","article_modified_time":"2024-08-19T10:17:34+00:00","twitter_card":"summary_large_image","twitter_misc":{"Dur\u00e9e de lecture estim\u00e9e":"1 minute"},"schema":{"@context":"https:\/\/schema.org","@graph":[{"@type":"WebPage","@id":"https:\/\/enfamataya.org\/index.php\/pourquoi-ce-blog\/","url":"https:\/\/enfamataya.org\/index.php\/pourquoi-ce-blog\/","name":"Pourquoi ce blog - Enfamataya : Arts corporels, symboliques et \u00e9nerg\u00e9tiques","isPartOf":{"@id":"https:\/\/enfamataya.org\/#website"},"datePublished":"2024-08-19T10:14:46+00:00","dateModified":"2024-08-19T10:17:34+00:00","breadcrumb":{"@id":"https:\/\/enfamataya.org\/index.php\/pourquoi-ce-blog\/#breadcrumb"},"inLanguage":"fr-FR","potentialAction":[{"@type":"ReadAction","target":["https:\/\/enfamataya.org\/index.php\/pourquoi-ce-blog\/"]}]},{"@type":"BreadcrumbList","@id":"https:\/\/enfamataya.org\/index.php\/pourquoi-ce-blog\/#breadcrumb","itemListElement":[{"@type":"ListItem","position":1,"name":"Accueil","item":"https:\/\/enfamataya.org\/"},{"@type":"ListItem","position":2,"name":"Pourquoi ce blog"}]},{"@type":"WebSite","@id":"https:\/\/enfamataya.org\/#website","url":"https:\/\/enfamataya.org\/","name":"Enfamataya : Arts corporels, symboliques et \u00e9nerg\u00e9tiques","description":"Des formations, de l&#039;accompagnement, des astres et du sens","publisher":{"@id":"https:\/\/enfamataya.org\/#organization"},"potentialAction":[{"@type":"SearchAction","target":{"@type":"EntryPoint","urlTemplate":"https:\/\/enfamataya.org\/?s={search_term_string}"},"query-input":{"@type":"PropertyValueSpecification","valueRequired":true,"valueName":"search_term_string"}}],"inLanguage":"fr-FR"},{"@type":"Organization","@id":"https:\/\/enfamataya.org\/#organization","name":"Enfamataya","url":"https:\/\/enfamataya.org\/","logo":{"@type":"ImageObject","inLanguage":"fr-FR","@id":"https:\/\/enfamataya.org\/#\/schema\/logo\/image\/","url":"https:\/\/enfamataya.org\/wp-content\/uploads\/2023\/07\/Logo-TYPOGRAPHIQUE-enfamataya.png","contentUrl":"https:\/\/enfamataya.org\/wp-content\/uploads\/2023\/07\/Logo-TYPOGRAPHIQUE-enfamataya.png","width":1596,"height":272,"caption":"Enfamataya"},"image":{"@id":"https:\/\/enfamataya.org\/#\/schema\/logo\/image\/"},"sameAs":["https:\/\/facebook.com\/Enfamataya-249667421858356","https:\/\/www.instagram.com\/enfamataya_insta\/","https:\/\/www.youtube.com\/@enfamataya","https:\/\/www.tiktok.com\/@enfamataya"]}]}},"_links":{"self":[{"href":"https:\/\/enfamataya.org\/index.php\/wp-json\/wp\/v2\/pages\/4651","targetHints":{"allow":["GET"]}}],"collection":[{"href":"https:\/\/enfamataya.org\/index.php\/wp-json\/wp\/v2\/pages"}],"about":[{"href":"https:\/\/enfamataya.org\/index.php\/wp-json\/wp\/v2\/types\/page"}],"author":[{"embeddable":true,"href":"https:\/\/enfamataya.org\/index.php\/wp-json\/wp\/v2\/users\/2"}],"replies":[{"embeddable":true,"href":"https:\/\/enfamataya.org\/index.php\/wp-json\/wp\/v2\/comments?post=4651"}],"version-history":[{"count":3,"href":"https:\/\/enfamataya.org\/index.php\/wp-json\/wp\/v2\/pages\/4651\/revisions"}],"predecessor-version":[{"id":4654,"href":"https:\/\/enfamataya.org\/index.php\/wp-json\/wp\/v2\/pages\/4651\/revisions\/4654"}],"wp:attachment":[{"href":"https:\/\/enfamataya.org\/index.php\/wp-json\/wp\/v2\/media?parent=4651"}],"curies":[{"name":"wp","href":"https:\/\/api.w.org\/{rel}","templated":true}]}}