{"id":5427,"date":"2024-07-20T12:46:52","date_gmt":"2024-07-20T10:46:52","guid":{"rendered":"https:\/\/enfamataya.org\/?page_id=5427"},"modified":"2024-09-01T13:20:05","modified_gmt":"2024-09-01T11:20:05","slug":"mission-de-vie","status":"publish","type":"page","link":"https:\/\/enfamataya.org\/index.php\/mission-de-vie\/","title":{"rendered":"Mission de vie"},"content":{"rendered":"\t\t<div data-elementor-type=\"wp-page\" data-elementor-id=\"5427\" class=\"elementor elementor-5427\" data-elementor-post-type=\"page\">\n\t\t\t\t<div class=\"elementor-element elementor-element-8f7ca81 e-flex e-con-boxed e-con e-parent\" data-id=\"8f7ca81\" data-element_type=\"container\">\n\t\t\t\t\t<div class=\"e-con-inner\">\n\t\t\t\t<div class=\"elementor-element elementor-element-cfa3e51 elementor-widget elementor-widget-text-editor\" data-id=\"cfa3e51\" data-element_type=\"widget\" data-widget_type=\"text-editor.default\">\n\t\t\t\t<div class=\"elementor-widget-container\">\n\t\t\t<style>\/*! elementor - v3.23.0 - 05-08-2024 *\/\n.elementor-widget-text-editor.elementor-drop-cap-view-stacked .elementor-drop-cap{background-color:#69727d;color:#fff}.elementor-widget-text-editor.elementor-drop-cap-view-framed .elementor-drop-cap{color:#69727d;border:3px solid;background-color:transparent}.elementor-widget-text-editor:not(.elementor-drop-cap-view-default) .elementor-drop-cap{margin-top:8px}.elementor-widget-text-editor:not(.elementor-drop-cap-view-default) .elementor-drop-cap-letter{width:1em;height:1em}.elementor-widget-text-editor .elementor-drop-cap{float:left;text-align:center;line-height:1;font-size:50px}.elementor-widget-text-editor .elementor-drop-cap-letter{display:inline-block}<\/style>\t\t\t\t<h2><strong>Formation Mission de Vie<\/strong><\/h2><h4>Stage Construire sa mission de vie et ses projets avec l&rsquo;aide de l&rsquo;\u00e9nerg\u00e9tique<\/h4><p>D&rsquo;une dur\u00e9e de 3 jours, ce stage a pour but qu&rsquo;il vous y soit transmis <strong>les <\/strong><a href=\"https:\/\/enfamataya.org\/index.php\/dons-de-guerison-symboles-reiki\/\"><strong>potentiels \u00e9nerg\u00e9tiques<\/strong><\/a> qui vont permettront de progresser efficacement et facilement dans vos projets de vie.<\/p><p>Tarif : <strong>460\u20ac<\/strong> <em>en groupe, 520\u20ac en individuel \u00e0 Arles ou en distanciel ( Tarif pour cette formation de 3 jours cons\u00e9cutifs en petit groupe de 8 pers. max. ou 5 sessions de 2h en visio. \u00c9talement possible sur simple demande &#8211; <\/em><a href=\"mailto:formations@enfamataya.org?subject=[depuis%20le%20site%20enfamataya]%20Ca%20m%20interesse%20:%20Formation%20Mission%20de%20Vie\"><strong><em>Demander un bulletin d&rsquo;inscription<\/em><\/strong><\/a><em>, tout y est pr\u00e9sent\u00e9 en d\u00e9tail)<\/em><\/p><p>Exemples de projets de vie concern\u00e9s : trouver son lieu de vie, changer de lieu de vie, construire un projet professionnel, se reconvertir, r\u00e9ussir son autonomie financi\u00e8re, \u00eatre utile<\/p><p><strong>Voyons ensemble son programme : <\/strong><\/p><h4>Le cadre<\/h4><p>Sentir ce qui pourrait g\u00eaner le projet et solutionner en travaillant en \u00e9nerg\u00e9tique ou\/et en modifiant le projet<br \/>Aborder, avec des \u00e9nergies adapt\u00e9es, la bienveillance \u00e0 soi et aux autres pour \u00ab\u00a0\u00eatre heureux non seulement \u00e0 l&rsquo;arriv\u00e9e mais aussi en chemin\u00a0\u00bb<\/p><h4>L&rsquo;aspect intuition<\/h4><p>Dans le cadre de contacts \u00e9nerg\u00e9tiques privil\u00e9gi\u00e9s que vous pourrez reproduire en autonomie, d\u00e9velopper le senti de ce \u00e0 quoi vous aspirez, des r\u00e9ponses \u00e0 vos questions<\/p><h4>L&rsquo;aspect action<\/h4><p>Dans le cadre de contacts \u00e9nerg\u00e9tiques privil\u00e9gi\u00e9s que vous pourrez reproduire en autonomie, favoriser par l&rsquo;\u00e9nerg\u00e9tique le bon d\u00e9roulement de vos projets, la rencontre avec des personnes et des \u00e9nergies propices \u00e0 vos projets<\/p>\t\t\t\t\t\t<\/div>\n\t\t\t\t<\/div>\n\t\t\t\t<div class=\"elementor-element elementor-element-4e31fbb elementor-widget elementor-widget-spacer\" data-id=\"4e31fbb\" data-element_type=\"widget\" data-widget_type=\"spacer.default\">\n\t\t\t\t<div class=\"elementor-widget-container\">\n\t\t\t<style>\/*! elementor - v3.23.0 - 05-08-2024 *\/\n.elementor-column .elementor-spacer-inner{height:var(--spacer-size)}.e-con{--container-widget-width:100%}.e-con-inner>.elementor-widget-spacer,.e-con>.elementor-widget-spacer{width:var(--container-widget-width,var(--spacer-size));--align-self:var(--container-widget-align-self,initial);--flex-shrink:0}.e-con-inner>.elementor-widget-spacer>.elementor-widget-container,.e-con>.elementor-widget-spacer>.elementor-widget-container{height:100%;width:100%}.e-con-inner>.elementor-widget-spacer>.elementor-widget-container>.elementor-spacer,.e-con>.elementor-widget-spacer>.elementor-widget-container>.elementor-spacer{height:100%}.e-con-inner>.elementor-widget-spacer>.elementor-widget-container>.elementor-spacer>.elementor-spacer-inner,.e-con>.elementor-widget-spacer>.elementor-widget-container>.elementor-spacer>.elementor-spacer-inner{height:var(--container-widget-height,var(--spacer-size))}.e-con-inner>.elementor-widget-spacer.elementor-widget-empty,.e-con>.elementor-widget-spacer.elementor-widget-empty{position:relative;min-height:22px;min-width:22px}.e-con-inner>.elementor-widget-spacer.elementor-widget-empty .elementor-widget-empty-icon,.e-con>.elementor-widget-spacer.elementor-widget-empty .elementor-widget-empty-icon{position:absolute;top:0;bottom:0;left:0;right:0;margin:auto;padding:0;width:22px;height:22px}<\/style>\t\t<div class=\"elementor-spacer\">\n\t\t\t<div class=\"elementor-spacer-inner\"><\/div>\n\t\t<\/div>\n\t\t\t\t<\/div>\n\t\t\t\t<\/div>\n\t\t\t\t\t<\/div>\n\t\t\t\t<\/div>\n\t\t<div class=\"elementor-element elementor-element-d06ff7f e-flex e-con-boxed e-con e-parent\" data-id=\"d06ff7f\" data-element_type=\"container\">\n\t\t\t\t\t<div class=\"e-con-inner\">\n\t\t\t\t<div class=\"elementor-element elementor-element-14e1eb6 elementor-widget elementor-widget-text-editor\" data-id=\"14e1eb6\" data-element_type=\"widget\" data-widget_type=\"text-editor.default\">\n\t\t\t\t<div class=\"elementor-widget-container\">\n\t\t\t\t\t\t\t<blockquote><pre>\u201cQui penserait que pour construire un violon, il faut d'abord tracer deux pentagones dans un cercle ?\u201d - Antonio Stradivari<\/pre><\/blockquote>\t\t\t\t\t\t<\/div>\n\t\t\t\t<\/div>\n\t\t\t\t\t<\/div>\n\t\t\t\t<\/div>\n\t\t\t\t<\/div>\n\t\t","protected":false},"excerpt":{"rendered":"<p>Formation Mission de Vie Stage Construire sa mission de vie et ses projets avec l&rsquo;aide de l&rsquo;\u00e9nerg\u00e9tique D&rsquo;une dur\u00e9e de 3 jours, ce stage a pour but qu&rsquo;il vous y soit transmis les potentiels \u00e9nerg\u00e9tiques qui vont permettront de progresser efficacement et facilement dans vos projets de vie. Tarif : 460\u20ac en groupe, 520\u20ac en [&hellip;]<\/p>\n","protected":false},"author":2,"featured_media":0,"parent":0,"menu_order":0,"comment_status":"closed","ping_status":"closed","template":"","meta":{"footnotes":""},"class_list":["post-5427","page","type-page","status-publish","hentry"],"yoast_head":"<!-- This site is optimized with the Yoast SEO plugin v26.6 - https:\/\/yoast.com\/wordpress\/plugins\/seo\/ -->\n<title>Mission de vie - Enfamataya : Arts corporels, symboliques et \u00e9nerg\u00e9tiques<\/title>\n<meta name=\"robots\" content=\"noindex, follow\" \/>\n<meta property=\"og:locale\" content=\"fr_FR\" \/>\n<meta property=\"og:type\" content=\"article\" \/>\n<meta property=\"og:title\" content=\"Mission de vie - Enfamataya : Arts corporels, symboliques et \u00e9nerg\u00e9tiques\" \/>\n<meta property=\"og:description\" content=\"Formation Mission de Vie Stage Construire sa mission de vie et ses projets avec l&rsquo;aide de l&rsquo;\u00e9nerg\u00e9tique D&rsquo;une dur\u00e9e de 3 jours, ce stage a pour but qu&rsquo;il vous y soit transmis les potentiels \u00e9nerg\u00e9tiques qui vont permettront de progresser efficacement et facilement dans vos projets de vie. Tarif : 460\u20ac en groupe, 520\u20ac en [&hellip;]\" \/>\n<meta property=\"og:url\" content=\"https:\/\/enfamataya.org\/index.php\/mission-de-vie\/\" \/>\n<meta property=\"og:site_name\" content=\"Enfamataya : Arts corporels, symboliques et \u00e9nerg\u00e9tiques\" \/>\n<meta property=\"article:publisher\" content=\"https:\/\/facebook.com\/Enfamataya-249667421858356\" \/>\n<meta property=\"article:modified_time\" content=\"2024-09-01T11:20:05+00:00\" \/>\n<meta name=\"twitter:card\" content=\"summary_large_image\" \/>\n<meta name=\"twitter:label1\" content=\"Dur\u00e9e de lecture estim\u00e9e\" \/>\n\t<meta name=\"twitter:data1\" content=\"2 minutes\" \/>\n<script type=\"application\/ld+json\" class=\"yoast-schema-graph\">{\"@context\":\"https:\/\/schema.org\",\"@graph\":[{\"@type\":\"WebPage\",\"@id\":\"https:\/\/enfamataya.org\/index.php\/mission-de-vie\/\",\"url\":\"https:\/\/enfamataya.org\/index.php\/mission-de-vie\/\",\"name\":\"Mission de vie - Enfamataya : Arts corporels, symboliques et \u00e9nerg\u00e9tiques\",\"isPartOf\":{\"@id\":\"https:\/\/enfamataya.org\/#website\"},\"datePublished\":\"2024-07-20T10:46:52+00:00\",\"dateModified\":\"2024-09-01T11:20:05+00:00\",\"breadcrumb\":{\"@id\":\"https:\/\/enfamataya.org\/index.php\/mission-de-vie\/#breadcrumb\"},\"inLanguage\":\"fr-FR\",\"potentialAction\":[{\"@type\":\"ReadAction\",\"target\":[\"https:\/\/enfamataya.org\/index.php\/mission-de-vie\/\"]}]},{\"@type\":\"BreadcrumbList\",\"@id\":\"https:\/\/enfamataya.org\/index.php\/mission-de-vie\/#breadcrumb\",\"itemListElement\":[{\"@type\":\"ListItem\",\"position\":1,\"name\":\"Accueil\",\"item\":\"https:\/\/enfamataya.org\/\"},{\"@type\":\"ListItem\",\"position\":2,\"name\":\"Mission de vie\"}]},{\"@type\":\"WebSite\",\"@id\":\"https:\/\/enfamataya.org\/#website\",\"url\":\"https:\/\/enfamataya.org\/\",\"name\":\"Enfamataya : Arts corporels, symboliques et \u00e9nerg\u00e9tiques\",\"description\":\"Des formations, de l&#039;accompagnement, des astres et du sens\",\"publisher\":{\"@id\":\"https:\/\/enfamataya.org\/#organization\"},\"potentialAction\":[{\"@type\":\"SearchAction\",\"target\":{\"@type\":\"EntryPoint\",\"urlTemplate\":\"https:\/\/enfamataya.org\/?s={search_term_string}\"},\"query-input\":{\"@type\":\"PropertyValueSpecification\",\"valueRequired\":true,\"valueName\":\"search_term_string\"}}],\"inLanguage\":\"fr-FR\"},{\"@type\":\"Organization\",\"@id\":\"https:\/\/enfamataya.org\/#organization\",\"name\":\"Enfamataya\",\"url\":\"https:\/\/enfamataya.org\/\",\"logo\":{\"@type\":\"ImageObject\",\"inLanguage\":\"fr-FR\",\"@id\":\"https:\/\/enfamataya.org\/#\/schema\/logo\/image\/\",\"url\":\"https:\/\/enfamataya.org\/wp-content\/uploads\/2023\/07\/Logo-TYPOGRAPHIQUE-enfamataya.png\",\"contentUrl\":\"https:\/\/enfamataya.org\/wp-content\/uploads\/2023\/07\/Logo-TYPOGRAPHIQUE-enfamataya.png\",\"width\":1596,\"height\":272,\"caption\":\"Enfamataya\"},\"image\":{\"@id\":\"https:\/\/enfamataya.org\/#\/schema\/logo\/image\/\"},\"sameAs\":[\"https:\/\/facebook.com\/Enfamataya-249667421858356\",\"https:\/\/www.instagram.com\/enfamataya_insta\/\",\"https:\/\/www.youtube.com\/@enfamataya\",\"https:\/\/www.tiktok.com\/@enfamataya\"]}]}<\/script>\n<!-- \/ Yoast SEO plugin. -->","yoast_head_json":{"title":"Mission de vie - Enfamataya : Arts corporels, symboliques et \u00e9nerg\u00e9tiques","robots":{"index":"noindex","follow":"follow"},"og_locale":"fr_FR","og_type":"article","og_title":"Mission de vie - Enfamataya : Arts corporels, symboliques et \u00e9nerg\u00e9tiques","og_description":"Formation Mission de Vie Stage Construire sa mission de vie et ses projets avec l&rsquo;aide de l&rsquo;\u00e9nerg\u00e9tique D&rsquo;une dur\u00e9e de 3 jours, ce stage a pour but qu&rsquo;il vous y soit transmis les potentiels \u00e9nerg\u00e9tiques qui vont permettront de progresser efficacement et facilement dans vos projets de vie. Tarif : 460\u20ac en groupe, 520\u20ac en [&hellip;]","og_url":"https:\/\/enfamataya.org\/index.php\/mission-de-vie\/","og_site_name":"Enfamataya : Arts corporels, symboliques et \u00e9nerg\u00e9tiques","article_publisher":"https:\/\/facebook.com\/Enfamataya-249667421858356","article_modified_time":"2024-09-01T11:20:05+00:00","twitter_card":"summary_large_image","twitter_misc":{"Dur\u00e9e de lecture estim\u00e9e":"2 minutes"},"schema":{"@context":"https:\/\/schema.org","@graph":[{"@type":"WebPage","@id":"https:\/\/enfamataya.org\/index.php\/mission-de-vie\/","url":"https:\/\/enfamataya.org\/index.php\/mission-de-vie\/","name":"Mission de vie - Enfamataya : Arts corporels, symboliques et \u00e9nerg\u00e9tiques","isPartOf":{"@id":"https:\/\/enfamataya.org\/#website"},"datePublished":"2024-07-20T10:46:52+00:00","dateModified":"2024-09-01T11:20:05+00:00","breadcrumb":{"@id":"https:\/\/enfamataya.org\/index.php\/mission-de-vie\/#breadcrumb"},"inLanguage":"fr-FR","potentialAction":[{"@type":"ReadAction","target":["https:\/\/enfamataya.org\/index.php\/mission-de-vie\/"]}]},{"@type":"BreadcrumbList","@id":"https:\/\/enfamataya.org\/index.php\/mission-de-vie\/#breadcrumb","itemListElement":[{"@type":"ListItem","position":1,"name":"Accueil","item":"https:\/\/enfamataya.org\/"},{"@type":"ListItem","position":2,"name":"Mission de vie"}]},{"@type":"WebSite","@id":"https:\/\/enfamataya.org\/#website","url":"https:\/\/enfamataya.org\/","name":"Enfamataya : Arts corporels, symboliques et \u00e9nerg\u00e9tiques","description":"Des formations, de l&#039;accompagnement, des astres et du sens","publisher":{"@id":"https:\/\/enfamataya.org\/#organization"},"potentialAction":[{"@type":"SearchAction","target":{"@type":"EntryPoint","urlTemplate":"https:\/\/enfamataya.org\/?s={search_term_string}"},"query-input":{"@type":"PropertyValueSpecification","valueRequired":true,"valueName":"search_term_string"}}],"inLanguage":"fr-FR"},{"@type":"Organization","@id":"https:\/\/enfamataya.org\/#organization","name":"Enfamataya","url":"https:\/\/enfamataya.org\/","logo":{"@type":"ImageObject","inLanguage":"fr-FR","@id":"https:\/\/enfamataya.org\/#\/schema\/logo\/image\/","url":"https:\/\/enfamataya.org\/wp-content\/uploads\/2023\/07\/Logo-TYPOGRAPHIQUE-enfamataya.png","contentUrl":"https:\/\/enfamataya.org\/wp-content\/uploads\/2023\/07\/Logo-TYPOGRAPHIQUE-enfamataya.png","width":1596,"height":272,"caption":"Enfamataya"},"image":{"@id":"https:\/\/enfamataya.org\/#\/schema\/logo\/image\/"},"sameAs":["https:\/\/facebook.com\/Enfamataya-249667421858356","https:\/\/www.instagram.com\/enfamataya_insta\/","https:\/\/www.youtube.com\/@enfamataya","https:\/\/www.tiktok.com\/@enfamataya"]}]}},"_links":{"self":[{"href":"https:\/\/enfamataya.org\/index.php\/wp-json\/wp\/v2\/pages\/5427","targetHints":{"allow":["GET"]}}],"collection":[{"href":"https:\/\/enfamataya.org\/index.php\/wp-json\/wp\/v2\/pages"}],"about":[{"href":"https:\/\/enfamataya.org\/index.php\/wp-json\/wp\/v2\/types\/page"}],"author":[{"embeddable":true,"href":"https:\/\/enfamataya.org\/index.php\/wp-json\/wp\/v2\/users\/2"}],"replies":[{"embeddable":true,"href":"https:\/\/enfamataya.org\/index.php\/wp-json\/wp\/v2\/comments?post=5427"}],"version-history":[{"count":7,"href":"https:\/\/enfamataya.org\/index.php\/wp-json\/wp\/v2\/pages\/5427\/revisions"}],"predecessor-version":[{"id":6546,"href":"https:\/\/enfamataya.org\/index.php\/wp-json\/wp\/v2\/pages\/5427\/revisions\/6546"}],"wp:attachment":[{"href":"https:\/\/enfamataya.org\/index.php\/wp-json\/wp\/v2\/media?parent=5427"}],"curies":[{"name":"wp","href":"https:\/\/api.w.org\/{rel}","templated":true}]}}